 of 24 and m?
12
Let a be (-558)/5301 + 1828/38. Let j be 435/12 - 3/12. Suppose 2*l = -l + j. What is the highest common divisor of l and a?
12
Let c be ((-3024)/128)/(14/(-112)). Let p = -20 - -34. What is the greatest common divisor of c and p?
7
Suppose 2*o - 4*o + 72 = 0. Suppose -2*x = -x - o. Suppose y = -3*t + 75, 0 = 18*y - 14*y - 4*t - 348. Calculate the greatest common divisor of x and y.
12
Let q(w) = -w**2 + 16*w - 27. Let i be q(12). Suppose b - 3*j = 81, -j + 33 - 284 = -3*b. Calculate the highest common divisor of b and i.
21
Let l be (3243/94)/(((-15)/2)/(-5)). Let n(p) = 6*p - 3*p - 39 - 17. Let c be n(l). What is the highest common factor of 117 and c?
13
Let s = 4375 - 4207. What is the greatest common factor of 8904 and s?
168
Suppose 424 = 3*c - 3*j + 5*j, -j = 4*c - 557. Let f = c - 117. Suppose 0 = -o + 13 - 6. What is the greatest common factor of o and f?
7
Let v = 60 - 46. Suppose -v*a + 18*a = 8. Let z be -3 + 21 + -3 - a. What is the highest common factor of z and 13?
13
Let q = -29 + 111. Suppose q = -4*c - 6. Let n be c + 122 + -1*1. Calculate the highest common factor of n and 9.
9
Suppose 10*v = -19*v + 1563 + 1830. Suppose -2*p + 88 + 42 = 0. Calculate the greatest common factor of p and v.
13
Suppose 0 = -79*u - 16 + 55 + 40. What is the highest common divisor of 163 and u?
1
Let q(z) = 2*z**3 - 24*z**2 + 26*z - 40. Let d be q(11). Calculate the greatest common divisor of 4852 and d.
4
Let i(g) = -72*g + 520. Let u be i(7). Calculate the greatest common divisor of 38 and u.
2
Suppose t - 4*l - 417 = 0, -2*t + 4*l + 972 - 150 = 0. Suppose 0 = -43*j + 16*j + t. Let f = 14 - 9. What is the highest common factor of f and j?
5
Let b(g) = 872*g**2 - 64*g - 7. Let j be b(5). What is the greatest common factor of 197 and j?
197
Let r(x) = -161 - 473*x - 460*x + 896*x. Let p be r(-8). Calculate the highest common divisor of p and 54.
27
Let r be 2138 - (-6 + (-3 - -7) - -8). Calculate the greatest common factor of r and 13.
13
Let u be 1093/(-7) + 12/(-14). Let l = u + 225. Calculate the highest common divisor of l and 17.
17
Let a be (-1094)/(-7) - (-2)/(-7). Let g be (-1)/(-2)*a/3. Let d = 3009 - 2931. What is the greatest common divisor of g and d?
26
Let i(m) = -3*m**2 + 11*m - 11. Let j be i(5). Let p = 42 + j. Suppose -4*d - 35 = -p*d. Calculate the highest common divisor of 55 and d.
5
Let d(y) = y**3 + 23*y**2 + 26*y + 54. Let k be d(-21). Calculate the greatest common divisor of 5330 and k.
130
Suppose 6*n = -f + n + 50, 4*n + 366 = 5*f. Suppose t = -0*t + 1. Suppose 4*d = i + 81, -3*d = 2*i - f + t. Calculate the greatest common divisor of 21 and d.
21
Suppose 217 = 3*u - 2*n, 0*u - 3*u + n + 221 = 0. Suppose s - 9 = 6. What is the greatest common factor of u and s?
15
Let g be (2/(-6))/(2/(-3354)). Let p = 7786 - 7743. What is the greatest common divisor of p and g?
43
Suppose -5*h + 1193 = 2*a + 3908, 550 = -h + a. Let x be h/(-2) + 590/(-236). What is the highest common factor of x and 30?
30
Let b(w) = -27*w. Let j be b(-2). Let d be (-5)/5*(0 + 0). Suppose d = 3*y - 2*f - 112, 0*y - f - 110 = -3*y. Calculate the greatest common divisor of j and y.
18
Let q(f) = -529*f + 6388. Let g be q(12). Calculate the highest common divisor of g and 24.
8
Suppose 11*s - 77 = 121. Suppose s = -59*q + 60*q. Suppose -3*f - 5 = -59. What is the greatest common factor of f and q?
18
Let g(a) = -77*a**2. Let y be g(-1). Let z = y + 77. Let b be (560/(-32))/((-2)/12) + z. Calculate the greatest common factor of 42 and b.
21
Let h = 48 + -18. Suppose l - 5*m - 60 = 0, 58*l + 2*m = 55*l + 27. Calculate the highest common divisor of l and h.
15
Let c be (493/87)/(1/(-4) + 332/1296). What is the highest common divisor of 54 and c?
54
Suppose 160*i - 19489 - 4991 = 0. Calculate the greatest common divisor of 2958 and i.
51
Let f be 9 + (288/(-4))/9. Calculate the highest common factor of 2437 and f.
1
Suppose -92*s - 68 = -96*s. Suppose 15*a = s*a - 240. What is the highest common divisor of a and 180?
60
Suppose 5*z - 4*o - 4 - 91 = 0, -4*z + 2*o = -70. Calculate the highest common factor of 870 and z.
15
Let u = -1 + 7. Let a(p) = p + 198. Let q(m) = 18*m + 2574. Let l(o) = -27*a(o) + 2*q(o). Let k be l(28). What is the greatest common divisor of u and k?
6
Let f(w) = -112*w + 2381. Let o be f(16). What is the highest common divisor of 76 and o?
19
Let j = 287 + -280. Suppose -2*s - 225 = -j*s. Calculate the greatest common divisor of 5 and s.
5
Let q = -12426 + 4011. Let o be q/(-60) - 2/8. Suppose 4*b - 13 = 3*m + 111, 3*b - 2*m = 92. What is the highest common factor of b and o?
28
Let x be (-8)/(24/(-1341)) + 64/64. Calculate the greatest common factor of x and 252.
28
Suppose 7*r - p = 3*r + 139, -4*p = -5*r + 182. Let b(z) = 884*z + 3621. Let j be b(-4). What is the greatest common divisor of j and r?
17
Suppose 10*s + 5786 = -12*s. Let q = 279 + s. Calculate the greatest common factor of q and 88.
8
Suppose -97*h + 45*h - 119*h = -35568. What is the highest common divisor of h and 116?
4
Let g(f) = 12*f**2 - 67*f - 49. Let m(o) = 2*o**2 - o. Let c(i) = -g(i) + 5*m(i). Let k be c(27). Calculate the highest common divisor of k and 106.
53
Suppose -21*p - 455 = -26*p - x, 271 = 3*p + x. Suppose p = -27*s + 31*s. What is the greatest common factor of s and 1?
1
Let d(a) = -71*a + 23. Let x be d(-4). Let i = -247 + x. Calculate the greatest common divisor of i and 120.
60
Let c(l) = 37*l**2. Let g be c(-1). Suppose z + 2*x - 179 = 0, 5*z = 2*x + 636 + 295. What is the highest common divisor of g and z?
37
Let x(y) = -y**2 - y + 114. Let g be x(10). Suppose -g*l = -3*a + 316, 5*a - 2*l = -144 + 694. What is the highest common factor of a and 16?
16
Let p = -26 - 19. Let q be (-10)/6*(-2)/((-6)/p). Let s be 2/6 + 3 + 35/21. What is the highest common divisor of s and q?
5
Let s(b) = -b - 2. Let q be s(-4). Suppose -3*h + 360 = -q*h. Let g be (3 + (-14)/4)/((-3)/h). What is the highest common divisor of g and 12?
12
Let b be (13 + -2 - 1)*144/32. Suppose h - 3*h - s = b, -4*h - 3*s = 91. Let j be (11/4)/(3 + h/8). What is the highest common factor of 11 and j?
11
Let b = 218 - 215. Suppose 5*h - 358 = -b*f + 578, h - 5*f = 204. What is the highest common divisor of h and 126?
63
Suppose 3*w - 21 = -3*p, 2*w = -212*p + 214*p - 10. Calculate the greatest common factor of 293 and w.
1
Let g(u) = -u**3 - 18*u**2 - 90*u - 41. Let q be g(-8). What is the greatest common factor of 195 and q?
39
Suppose -3*t = 2*t - 575. Suppose 40*d - 276 = 38*d - 4*r, -3*d + r = -414. Calculate the highest common divisor of t and d.
23
Suppose -87704*t + 87707*t = 9372. Calculate the greatest common factor of t and 55.
11
Let n(s) = 216*s - 616. Let f be n(3). Suppose 2*h + 106 = 458. What is the highest common divisor of h and f?
16
Let m be -5 + 1377/18 - ((-15)/2)/(-3). What is the greatest common divisor of m and 57?
3
Let i = 672 + -117. Calculate the highest common factor of i and 1887.
111
Suppose 2*x - 45 = -4*p + 411, p + 5*x - 114 = 0. Let w = p - 68. Suppose -4 + w = s. Calculate the greatest common factor of 6 and s.
6
Suppose 137 - 9 = -8*c. Let p(x) = 3*x + 113. Let j be p(c). Calculate the greatest common factor of j and 260.
65
Let r = 23 + -16. Let j(v) = 9*v + 9*v**2 + 8*v**3 - 12*v - 12 - r*v**3. Let w be j(-9). Calculate the highest common divisor of 3 and w.
3
Let x = -22140 + 23791. What is the highest common factor of x and 1016?
127
Let n(z) = z**2 - 8*z + 18. Let r be n(5). Let g be (66/(-4))/(r*1/(-78)). Calculate the greatest common divisor of 26 and g.
13
Let q(w) = 2*w**3 - 94*w**2 + 108*w + 528. Let b be q(46). Calculate the greatest common factor of b and 2054.
158
Suppose 6*c = 2*x - 120, -15 = c - 18. What is the greatest common divisor of x and 7?
1
Let r be (600/32)/15 + 4/((-64)/(-348)). What is the greatest common divisor of 1472 and r?
23
Let a = 106 + 14. Suppose a = 4*q + 5*u, 2*u + 85 = 3*q + 7*u. Suppose -2*o + 59 = -5*y - 26, 0 = -2*y - 6. Calculate the highest common divisor of q and o.
35
Suppose 0 = -3*h - u + 158, -5*h + 7*h - 96 = -3*u. Calculate the greatest common factor of 27 and h.
27
Let l = 7 + 13. Let g(o) = -2*o**2 - 49*o - 87. Let j be g(-21). What is the highest common divisor of l and j